first derivative of d(t). Give c(7).
-5
Let c(r) be the third derivative of 0*r + 7/60*r**5 + 0 + 1/120*r**6 - r**3 + 3*r**2 + 1/6*r**4. Give c(-6).
6
Let k(o) = o. Suppose -6*x + x = -75. Suppose 5*r - x = 2*r. Suppose 0*d - 2*b = -4*d - 12, -5*b + 10 = -r*d. Give k(d).
-4
Let b(x) = -x**3 - 4*x**2 - x - 4. Let o be b(-4). Let l(z) = z - 2. Let n be l(o). Let d = n + 2. Let u(p) = -p**2 - p - 8. Calculate u(d).
-8
Let x be (2/4 + -1)*-12. Let u(s) = 5*s**3 - 2*s**2 - s - 7. Let k(l) = 11*l**3 - 3*l**2 - 2*l - 15. Let q(w) = 4*k(w) - 9*u(w). Determine q(x).
9
Let o(k) = -k**3 - k - 3. Let f(z) = -16*z - 48. Let t be f(-3). What is o(t)?
-3
Suppose 2*w - 20 = -3*w. Let o(g) be the first derivative of 1/2*g**2 - 4*g - 1. Determine o(w).
0
Let b(k) = 2*k - 58. Let a be b(25). Let y(r) = -r**3 - 8*r**2 + 2*r - 9. What is y(a)?
-25
Let j = 61 - 57. Let l(w) = w**3 - 5*w**2 + 4*w. Calculate l(j).
0
Suppose 13*t - 90 = 14. Let f(q) = -q + 2. Determine f(t).
-6
Let h(c) = 5*c - 2 - c**2 - c**3 - 4*c + 0*c - 4*c. Let l(b) be the second derivative of -b**4/12 + 13*b**3/6 - 7*b**2 + 4*b. Let a be l(12). Determine h(a).
8
Let d(z) = -6*z - 3. Let g = 48 + -51. Determine d(g).
15
Let m(q) = -q**3 - 8*q**2 - 5*q + 1. Let t(r) = -r**3 - 9*r**2 - 6*r. Let y(g) = 3*m(g) - 2*t(g). Give y(-4).
-17
Suppose 4*g - a = -3, a = -0*g + g - 3. Let x(c) be the third derivative of -1/6*c**3 + 3*c**2 - 1/8*c**4 + 0*c - 1/120*c**6 + 0 - 1/30*c**5. Calculate x(g).
5
Suppose -2*u + 4*u = 0. Let g(k) be the second derivative of k**5/20 - k**4/12 - k**3/6 + 3*k**2/2 + 3*k. Determine g(u).
3
Let z be 30/(-4) + (-2)/(-4). Let w(t) = t**3 + 8*t**2 + 7*t + 3. Calculate w(z).
3
Let a(p) = -2*p**3 + 15*p**2 + 6*p + 13. Let k(z) = z**3 - 8*z**2 - 3*z - 7. Let g(l) = 4*a(l) + 7*k(l). Let s(j) = -j - 1. Let r be s(-6). Determine g(r).
-7
Let c(s) = 2*s**3 + 14*s**2 + 16*s + 1. Let b(i) = -i**3 - 7*i**2 - 8*i - 1. Let w(g) = 9*b(g) + 4*c(g). Determine w(-5).
-15
Let i = 15 - 15. Let y(k) be the second derivative of k + 5/6*k**3 + i - 3/2*k**2. Determine y(2).
7
Suppose -4 = 4*s - 16. Let d(z) = -z + 3*z - z. Give d(s).
3
Suppose 3*w - 24 = -w. Let n(k) = k - 4. Let i be n(w). Let f(b) be the third derivative of -b**6/120 - b**5/60 + b**4/6 - b**3/2 - 3*b**2. Give f(i).
-7
Let b(x) = 6*x + 1. Let j be b(2). Suppose -3*y - j = -4*k, 7*k = y + 2*k + 19. Let u(q) = 5*q**2 + q - q**3 - 3*q**2 + 3*q**2 + y. Determine u(5).
6
Let q(x) = 3*x - 1. Suppose 0 = -4*m + 3*m. Let t = m + -11. Let i = t + 8. Calculate q(i).
-10
Suppose 4*f - 18 = 6. Let t(k) = -k**3 + 5*k**2 + 5*k + 8. Give t(f).
2
Let w(r) = -r**3 - 7*r**2 - r - 7. Let i be w(-7). Let j(o) = i*o - 6 + o - 2*o. What is j(-3)?
-3
Let f(j) = -3*j**2 + 2*j**2 + 4 - 2 + 2*j**2 - j. Let s be f(0). Let i(p) = p - 3*p + 7*p. Give i(s).
10
Let h(s) = s + 1. Let r(v) = v**3 - 5*v**2 - 8*v + 8. Let k be r(6). Calculate h(k).
-3
Let d(w) = -3*w + w + w - 3. Let t(m) = m**3 + 4*m**2 + m + 4. Let r be t(-4). What is d(r)?
-3
Let l(c) be the second derivative of -c**3/3 - 5*c**2/2 + 6*c. Determine l(-4).
3
Let c(j) be the second derivative of j**3/6 - 5*j**2 - 7*j. Calculate c(6).
-4
Let j = -37 - -31. Let w(c) = -c**3 - 5*c**2 + 5*c - 4. What is w(j)?
2
Let n(j) = -j**2 - 3. Suppose 0 = 2*d + y - 9, 4 - 2 = 2*y. Calculate n(d).
-19
Let z(l) = 6*l**3 - 14*l**2 - 8*l - 3. Let o(y) = 4*y**3 - 9*y**2 - 5*y - 2. Let s(q) = 8*o(q) - 5*z(q). Give s(2).
7
Let n(o) = -7*o**2 + 1. Let x(j) = -j**2 - 5*j - 2. Let b be x(-5). Let m be (3/b)/(7/(-14)). Suppose -3 + 0 = m*h. What is n(h)?
-6
Let n(a) be the second derivative of -a**5/20 + 7*a**4/12 - 5*a**3/6 + 3*a**2/2 + 16*a. Calculate n(6).
9
Suppose -d + 27 - 6 = 0. Let g(i) = i**3 - i**2 + 2*i + 1. Let q be g(5). Let n be q/(-21) - (-6)/d. Let l(t) = -t + 5. Determine l(n).
10
Suppose 4*d + 16 = 5*u + 4, 3*d = 5*u - 14. Let y be (4/16)/((-1)/(-12)). Let c(h) = -4*h + 38*h**2 + 3 + h - 39*h**2 + h**y. Give c(d).
1
Let u be (-2 - -5)*8/6. Suppose -10 + 2 = -u*i. Let n(h) = h - 2. Calculate n(i).
0
Let a(s) be the second derivative of 5/12*s**4 - 3*s + 1/20*s**5 + 0 - s**3 + 3/2*s**2. What is a(-6)?
3
Let g(b) be the third derivative of b**6/360 - b**5/40 + b**4/24 - b**3/3 - 3*b**2. Let c(i) be the first derivative of g(i). Determine c(4).
5
Let w(k) be the second derivative of -k**4/12 + k**3 - k**2/2 - 5*k. What is w(4)?
7
Let a(k) = 1. Let f(r) = -r - 4. Let z(x) = 6*a(x) + 2*f(x). What is z(-3)?
4
Let j(k) = 0 + 0 - 175*k + 174*k + 2. Give j(0).
2
Let n(b) be the third derivative of b**4/6 + b**3/6 + 27*b**2. Determine n(6).
25
Let n(s) = 2*s**2 - 4*s + 2. Let k(o) = o + 8. Let q be k(-6). Calculate n(q).
2
Let z(q) = -q**3 + 5. Let g(h) = -h**3 - 9*h**2 + h + 9. Let u be g(-9). Let v be z(u). Suppose -3*f + v*f - 2 = 0. Let x(r) = 4*r**2 + 1. Calculate x(f).
5
Suppose -3*l - s = 2*s, -5*l - 35 = -2*s. Let h(c) = -3*c + 59*c**2 - 123*c**2 + 63*c**2 + 4. Determine h(l).
-6
Let q(a) be the first derivative of a**4/4 + a**3 - 3*a**2/2 + 5*a - 15. Suppose 3*g + 10 = -2*x, -2*g - 5*x - 4 = -x. Give q(g).
1
Let f(n) = n**3 + 6*n**2 + 3*n + 1. Let c be (12/9)/(6/9). Let s be (-7 + 7)/((-2)/c). Suppose x - 5*x - 8 = s. Calculate f(x).
11
Suppose 5*k = -0*k + 70. Suppose 0 = s + s - k. Let p(u) = 4*u**2 - 1 - 7*u + s - 3*u**2. Calculate p(5).
-4
Let d(b) be the third derivative of -b**2 - 1/60*b**5 + 1/12*b**4 + 2/3*b**3 + 0*b + 0. Let x(z) = -z**2 + 5*z + 4. Let g be x(5). Calculate d(g).
-4
Let y(w) = -11 + 18 - 6*w**3 - 5*w - 7*w**2 + 0*w**3 + 5*w**3. Determine y(-6).
1
Let l(f) be the first derivative of 1/8*f**4 - 1/60*f**5 + 1/2*f**3 + 4 - f**2 + 0*f. Let t(x) be the second derivative of l(x). Calculate t(4).
-1
Let c(v) = -v**2 - v + 1. Suppose 4 - 9 = 5*b. Let q(p) be the second derivative of p**4/4 + p**3/2 - 3*p**2 - p. Let o(t) = b*q(t) - 4*c(t). Calculate o(0).
2
Let n(h) = 3*h**2 + 2*h + 2. Let z(a) = -2*a**2 - a - 1. Let s(o) = 4*n(o) + 7*z(o). Let w(g) = g - 1. Let m be w(11). Let l = m - 8. Give s(l).
-5
Suppose 9*m - 26 = -2*x + 4*m, -36 = -4*x - 2*m. Suppose -3 = 5*b - x. Let h(q) = -12*q**2 + 1. Calculate h(b).
-11
Let o(g) = -g - 2. Let w = 38 + -41. What is o(w)?
1
Let j(i) be the third derivative of i**8/6720 - i**6/720 - 3*i**5/40 + i**4/24 - 6*i**2. Let s(p) be the second derivative of j(p). Calculate s(0).
-9
Let d(a) = 3*a + 6. Let y(v) = 3 - 4 + 3 + v. Let s(u) = 2*d(u) - 7*y(u). Give s(-1).
-1
Let g(d) = -2*d**2 - 3*d**2 - d**3 + 0 - d - 5 + 0*d**3. Let c be g(-5). Suppose 0 = 2*w - c*w + 10. Let q(o) = 2*o + 1. Calculate q(w).
-9
Suppose 2*x + 2*x + 12 = 0. Let q(h) = h**3 + h**2 + 1. Let u(g) = -7*g**3 - 10*g**2 - 3*g - 9. Let r(p) = 6*q(p) + u(p). Calculate r(x).
-3
Let v(z) = 2*z**2 - z + 1. Suppose -4*p = j + 1 - 5, -4*j = -p - 50. Suppose 2*f = -2*n + j, -4*n + 0*f + 19 = 3*f. Determine v(n).
2
Let r(b) = 6*b**2 + 4*b - 7. Let i(u) = -7*u**2 - 4*u + 7. Let s(f) = -5*i(f) - 6*r(f). Suppose d - 5*d = 24. Give s(d).
-5
Let c be (-3)/18 - 106/12. Let y be -1 + (-3)/c*3. Suppose o = 4 - y. Let l(w) = 2*w. Give l(o).
8
Suppose c + c = 0. Let o(m) = -m + 5. Calculate o(c).
5
Let o(x) be the second derivative of x**6/360 - x**5/40 + x**4/6 - 5*x**3/6 + 5*x. Let s(y) be the second derivative of o(y). Calculate s(4).
8
Let g(p) = p**2 + p. Let l be g(1). Let y(t) = -2*t + 2*t**3 - 1 - 1 + 3 + t**l. What is y(1)?
2
Let b(y) be the first derivative of y**4/4 - y**3/3 + y**2 - 27. What is b(-2)?
-16
Let n(v) = v**2 + 3*v + 3. Suppose 5*p = -4*g + 11, -2*g + 3*p + 11 = -0*p. Suppose 5*u + 36 = -g*b, 0 = -3*u - 0*b - b - 16. Give n(u).
7
Suppose 4*m + p - 5 = -0*p, -3*m - 2 = -5*p. Suppose -w = -m + 3. Let q(t) = -5*t + 8. Let h(i) = -11*i + 17. Let a(s) = w*h(s) + 5*q(s). Give a(4).
-6
Let o be (-104)/(-24) - 4/(-6). Let y(f) = o*f - 3 + f**3 - 2*f - 4*f**2 + 5. What is y(3)?
2
Let a(r) = 3*r**2 + 2. Let f(u) = -1 - u**2 + 0*u + 0*u. Let i(z) = a(z) + 2*f(z). Let g = -96 - -96. Give i(g).
0
Let z(b) = b**2 - 5*b + 6. Suppose -5*q + 74 = -36. Suppose -4*l + 4 = 4*g, 2*l = -g + 5*g - q. Calculate z(g).
2
Suppose 3*l + 3 + 6 = 0. Let z(p) = -p**3 - 2*p**2 + 4*p - 1. Let x be z(l). Let y(d) be the first derivative of d**3/3 + 3*d**2/2 + d - 1. Give y(x).
5
Let p(j) = 3*j**2 + j. Suppose 0 = c